dreds digit of g?
2
Let z(f) = f**2 + 6*f + 31. Let o be z(-9). Suppose -448 = -5*j - o. Suppose -4*h - 3*g = g - 156, -3*g = -2*h + j. What is the units digit of h?
9
Let i(r) = 47*r - 16 + 46*r - 95*r. Let d be i(-5). What is the hundreds digit of 2158/12 + 4 + 23/d?
1
Suppose -57*i = 3*i - 240. Suppose -3*y + 0*h + 4*h = -282, -i*y - 3*h = -351. What is the tens digit of y?
9
Let c be -3 - (-9 - -6) - -5. Suppose -c*u + 5*d + 5795 = 0, 0 = 2*u - 7*d + 6*d - 2314. What is the hundreds digit of u?
1
Suppose 64 = 24*v + 16. Suppose 839 = v*h + 333. What is the tens digit of h?
5
Let i = -522 + 526. Suppose 2*q + 1184 = i*q - 4*m, 5*q = m + 2915. What is the tens digit of q?
8
Suppose 136 + 9348 = p + r, 4*p - 6*r - 37986 = 0. What is the thousands digit of p?
9
Suppose 4*w = 2*k + 144358, -w + 9*k - 14*k + 36062 = 0. What is the ten thousands digit of w?
3
Let m(u) = 2 - 12*u - 2 + 297*u**3 + 140*u**3 - 73*u**3 + 4*u**2 + 11. What is the tens digit of m(1)?
6
Suppose 12 = -7*g + 4*g. Let t be (-2 - -146)*(g + 3). Let c = -65 - t. What is the tens digit of c?
7
Let x = 71927 - 50118. What is the tens digit of x?
0
Suppose -4*g = 0, -11*k + 6*k + 15 = 3*g. Suppose -5*v - k*a = -0*v - 5296, 3*a + 4226 = 4*v. What is the units digit of v?
8
Let w = -8631 + 17306. What is the thousands digit of w?
8
Suppose -2*j + 269466 = 11*g, -2*g - j - 14124 = -63114. What is the hundreds digit of g?
4
Let h = 2066 - 1451. Let f = h + -354. What is the hundreds digit of f?
2
Suppose 24 = -255*b + 253*b. Let n(l) = l**2 - 4*l - 60. What is the units digit of n(b)?
2
Let d be 1521*(12/(-4))/(-3). Suppose d = 3*k + 3*m, -6*k + 1034 = -4*k - 3*m. Let a = k + -339. What is the hundreds digit of a?
1
Let r(f) = -110*f + 48. What is the units digit of r(-15)?
8
Let y be -29*(1 - (8 - -2)). Suppose -50*m + 906 = -56*m. Let d = m + y. What is the units digit of d?
0
Let p = 7920 + -7923. Let r(n) = -9 - n - 3*n**2 - 2*n**3 - 2*n + n. What is the units digit of r(p)?
4
Let p be (-1)/(0 + 6/306). What is the hundreds digit of (85/p)/(2/(-480))?
4
Suppose 52 = 5*d - 38. Suppose d - 20 = c. What is the units digit of c/(1956/654 + -3)?
8
Let u be 1684/6*126/28. Suppose 0 = 16*p - 11*p - i - 2107, 3*p = i + u. What is the tens digit of p?
2
Let i = 790 + -106. Suppose -5*g + 687 = -3*o, -4*o + 274 = -3*g + i. Let m = g - 40. What is the tens digit of m?
9
Suppose 56*v + 4232201 + 1661965 = 202*v. What is the thousands digit of v?
0
Let a = 9567 + -3400. Suppose 0 = 11*t - a - 136. What is the tens digit of t?
7
Let f = 62 - 45. Let i = 6 - f. Let a = 74 - i. What is the units digit of a?
5
Let x be ((-12)/(-7))/(5/105). Suppose 0*s - 4*s + x = 0. What is the units digit of 43/6 + s/(-54)?
7
Suppose 5*q + 4589 = 4*f - 4777, q + 2 = 0. What is the tens digit of f?
3
Let h(j) = 62*j**3 + 6*j**2 - 5*j - 11. What is the hundreds digit of h(4)?
0
Suppose 20*q + 58 = 58. Suppose -3*p = 3*x - 3579, 3*x - 8*p + 4*p - 3544 = q. What is the tens digit of x?
8
Let d be 68/20 - (-36)/60. Suppose -2*n + 6*z - d*z = 0, -3*z = 3*n - 24. What is the units digit of n?
4
Let n = -1524 - -3951. Let w = -1667 + n. What is the hundreds digit of w?
7
Suppose 2*s + 3*n + 60 = -s, -2*n = 4. What is the units digit of (10 + 53)/((-3)/s)?
8
Let j be 26*1 - (14 + -10). Suppose -j*n = -7*n - 4815. What is the hundreds digit of n?
3
Let k = 23253 - 19164. What is the tens digit of k?
8
Suppose -5*h = -2*j - 0*j - 51, 3*j = -4*h - 88. Let u be (0 + 1 + 90)*(j + 29). Suppose -2*f + f = -u. What is the units digit of f?
1
Suppose 65*s + 80*s - 344512 = 117*s. What is the hundreds digit of s?
3
Suppose -4*x = 20, 0 = -4*o - x + 6*x + 18001. What is the hundreds digit of o?
4
Let h(t) = 20*t - 998. Let s be h(0). Let m = s + 1596. What is the tens digit of m?
9
Let u(s) be the first derivative of 9*s**2/2 + 675*s - 74. What is the hundreds digit of u(0)?
6
Suppose -3*d = -27*d + 192. Suppose -5*k - 777 = -d*k. What is the units digit of k?
9
Suppose -130568 - 122071 = -3*z. What is the thousands digit of z?
4
Let s = -358 - -2351. Suppose 3*p - s = 107. What is the tens digit of p?
0
Suppose 5*q - 5*z = 1710, 599 = 5*q + z - 1093. Let s = q + -247. What is the units digit of s?
2
What is the ten thousands digit of -7 + 0 - -76*1641/6?
2
Let z = -95 - -101. Suppose 14*b - 536 = z*b. What is the units digit of b?
7
Let b(t) = 6*t**3 + 38*t**2 - 24*t + 274. What is the thousands digit of b(12)?
5
Suppose d = a + 382, 0 = 2*a - 10. What is the units digit of d?
7
Let k(p) = -p**3 - 14*p**2 - 3*p - 8. Let j be k(-14). Suppose -306 - j = -5*z. Suppose 4*x - z = 2*x. What is the tens digit of x?
3
Suppose 373*c + 391*c - 753*c = 78991. What is the units digit of c?
1
Let l be 518/(-5) - 2/5. Let m be -4 + l/(-28) + (-2)/(-7). Suppose m = -15*n + 21*n - 528. What is the tens digit of n?
8
Suppose 5*h = -2*b + 20, 3*b - 8 = -2*h - 0. Let j be (-70)/15 - -5 - 65/(-3). Suppose g - j - 18 = b. What is the units digit of g?
0
Let i = -480 + 672. Let m = 285 - i. What is the units digit of m?
3
Let o(f) = f**3 - 45*f**2 - 7*f - 429. What is the units digit of o(46)?
5
Suppose -27*d = 39*d - 528. Suppose 0*k - 5*k + 10 = 0. Suppose -g = -0*w - k*w - 1, -4*w = -4*g + d. What is the units digit of g?
3
Suppose 60*q - 12743 = 50137. What is the thousands digit of q?
1
Suppose 5*k - 57*o = -53*o + 21605, 3*o + 17285 = 4*k. What is the hundreds digit of k?
3
Let i = -482 + 486. Suppose 4*d + 2*f - 4544 = 0, -4*d + 5926 = i*f + 1386. What is the tens digit of d?
3
Let t be (10/(-4))/(3/(-6)). Let h(o) = -4 - t*o + 17*o + 38*o + 0*o. What is the tens digit of h(2)?
9
What is the thousands digit of 4/(-4)*(18 - (41234 - -20))?
1
Let q(f) = 3*f + 53. Let d be q(-14). Suppose 5*x - 4*r - 199 = 0, -4*x - d = 3*r - 195. Suppose -x*l = -48*l + 200. What is the units digit of l?
0
Let q(z) = -3*z**3 + 14*z**2 + 10*z - 31. Let p(x) = x**3 + x + 1. Let c(h) = -2*p(h) - q(h). What is the units digit of c(16)?
9
Suppose -106 = -5*r + 104. Suppose -i = d + d + r, -4*d - 44 = i. Let v = i - -42. What is the units digit of v?
2
Let w(t) = t**2 + 14*t - 34. Let s be w(16). Let i = 1605 - s. What is the tens digit of i?
5
Let b(k) = 9*k**2 + k**3 + 0*k**3 + 53 - 61 + 5*k. Let u be ((-4)/(-6))/((-22)/231). What is the units digit of b(u)?
5
Let n(p) = -3038*p + 1922. What is the hundreds digit of n(-12)?
3
What is the tens digit of ((-113)/4)/(-3 + 5080/1696)?
8
Let n(m) = 3*m**2 - 23*m - 4. Let u be n(8). Suppose 2*b + 5*v - 2090 = 0, -u*b + v - 1048 = -5*b. What is the tens digit of b?
5
Let c = 73075 + -51966. What is the units digit of c?
9
Let h = 54 + -40. Suppose 4*z - 4*w + 2*w = 14, -5*z + h = w. Suppose z*o - 408 = -4*v, 5*v + o + o - 517 = 0. What is the hundreds digit of v?
1
Suppose 123 + 327 = 5*b. Let k be (30/9)/(6/b). Suppose 6 = 4*o - k. What is the units digit of o?
4
Suppose 51*w - 315709 = -7*w - w. What is the tens digit of w?
5
Let z = 237 + 119. Let b = z - 60. What is the tens digit of b?
9
Suppose 0 = -2*n + 5*j - 32, 4*n - 3 + 7 = -5*j. Let y(s) = 31 + 25 + 29 + s**2 - 91. What is the tens digit of y(n)?
3
Let j(n) = 799*n + 2*n**3 - 5*n**2 + 0*n**3 - 809*n + 6. What is the units digit of j(7)?
7
Suppose -4*j - 30 = -7*j. Suppose 5*v = j*v - 10. Suppose -5*p - 70 = -7*p + 5*g, v*g = -3*p + 86. What is the units digit of p?
0
Suppose -8*w + 46 - 14 = 0. Suppose 16 = -3*a + w*a. Suppose 1090 = -6*v + a*v. What is the units digit of v?
9
Let t(b) = -b**3 - b - 1. Let u(z) = -17*z**3 + 2*z**2 - 6*z - 2. Let f(x) = 4*t(x) - u(x). Let i be 4/(-18)*(65 - 74). What is the tens digit of f(i)?
9
Let u(q) = 11*q**2 - 40*q + 2131. What is the hundreds digit of u(56)?
3
Let z = -3125 + 3998. What is the units digit of z?
3
Let y be 2940/24*4/(-5). Let q = -38 - y. What is the tens digit of q?
6
Let i be (-4691)/1*(31 + -32). Suppose -6*j + i + 2047 = 0. What is the hundreds digit of j?
1
Suppose 2*m + 15*a - 11*a = 4236, 4*a = 3*m - 6294. What is the tens digit of m?
0
Let c(r) = 441*r**2 - 76*r - 654. What is the thousands digit of c(-8)?
8
Suppose 3*j = 3*t - 33954, 194*t + 33950 = 197*t - 5*j. What is the thousands digit of t?
1
What is the thousands digit of (4 - 5 - 10812/9)/((-33)/594)?
1
Let r = 88142 + -40214. What is th